What is the value of 25 - 13 - (5 + (11 - 14))?
10
-5 + 2 - (4 - ((1 - 0) + 8))
2
Evaluate 2 + -1 + 7 - (-54 - 19 - -62).
19
Evaluate 8 - (-29 + 30 + -24).
31
What is -3 + -3 + (17 - ((-6 - -9) + 1))?
7
Calculate (-11 - (-31 - -41)) + 33.
12
What is (2 - (23 - -1) - 0) + 256 + -250?
-16
Calculate 2 + (1 - 1) + (193 - 180).
15
What is the value of -17 + -10 + (0 - 14) + 17?
-24
What is the value of 20 + (-11 - -3) + -16 + -4?
-8
11 - (-4 - (12 + -2 - 20))
5
Calculate -604 + 596 + (0 - (-2 - 0)).
-6
Evaluate -12 - (9 + (-23 - -17)).
-15
-15 + (54 - 48) + (5 - 0)
-4
What is the value of (22 - 5) + 16 - (-3 - (3 + -8))?
31
Evaluate (41 - -7) + (-16 - (1 - 1)).
32
Evaluate 18 + -14 + (-4 - (-1 - (-2 + -6))).
-7
What is the value of -67 + 60 + -17 + 12?
-12
(5 - 12) + 2 + 4 - (-4 + 2)
1
Calculate (1 - 0 - -1) + -13 - 2.
-13
What is the value of -3 + (2 - 4 - -4) + 4?
3
What is -45 + 46 - (-3 + (-2 - -2))?
4
Evaluate -6 + 8 + 21 + (12 - 35).
0
Calculate 42 + (4 - (46 - -23)).
-23
What is -4 + (-3 - 18) - (-2 - (-21 - -23))?
-21
Calculate -5 + -5 + 2 + (0 - -5).
-3
(-5 - 1) + (-1 + -15 + 12 - -12)
2
What is 1 + (-16 - -1 - -23)?
9
Evaluate 3 + -4 + -7 + 3 - (95 - 128).
28
Evaluate (16 - 5) + 3 + -4.
10
984 - 1023 - ((0 - 0) + -2 - 2)
-35
Calculate (-27 - (22 + -34)) + 42.
27
-10 + -5 + 16 + 10
11
Calculate -11 + 3 - (-24 + 1 - -4).
11
(-5 - 34 - -20) + -5
-24
What is the value of 13 - 9 - (0 - -1)?
3
Calculate (-2 - 8 - -7) + -2 + 4.
-1
What is (1 - -18) + (3 - 4) + 21 + -20?
19
What is the value of 17 + -14 + (15 - 5)?
13
-1 - 4 - (44 - 52) - (12 + -2)
-7
What is the value of 5 + 0 - (40 + (-25 - 4))?
-6
Evaluate (4 - 8) + 3 + -6 - -14.
7
Evaluate -8 + -16 + 3 - -11.
-10
Evaluate 1 - (27 + -19 - 18).
11
What is -2 + -26 + -32 + (-22 - -65)?
-17
Calculate 3 - (-6 + 15 + -22).
16
Evaluate -40 + 31 + 6 - (4 - 0).
-7
Evaluate 11 + -1 - (-51 - -46 - -11).
4
What is 283 + -293 - (1 + 1 - 0)?
-12
What is the value of -13 - (-34 - (-16 - 6))?
-1
Calculate -16 - (-31 + (12 - 10)).
13
Evaluate -3 + 4 - (22 + -11 + 0 + 7).
-17
Evaluate 0 + -2 + 21 + -11 + 1.
9
Calculate 7 - (19 + (-14 + -1 - -13)).
-10
What is 23 + (13 + (-8 - -9) - 30)?
7
What is the value of 11 + (7 - 13) + 4 + -2 + -5?
2
Calculate -50 + -8 + (14 - -18).
-26
What is the value of -1 + 8 + -9 + 12 + -1?
9
Calculate 5 - (8 + -8 + 8 + 3).
-6
(-1 - -1) + (-431 - -431)
0
Calculate 4 + (-1 - 44 - -29).
-12
-13 + 8 + 14 + 19 + -22
6
What is the value of -16 - (-2 + -3) - (-30 - (4 + 7))?
30
2 - -15 - (180 - 189)
26
Evaluate (3 - 4) + 96 + -125.
-30
Evaluate 13 + 4 + -10 - 1.
6
Evaluate 6 + 0 - (-6 + 3 + 13).
-4
Evaluate (13 - 1 - -2) + (20 - 60).
-26
Evaluate (22 - 9 - 14) + -7 + (1 - 7).
-14
What is the value of 38 + -28 - (6 - 25)?
29
Evaluate 5 + (4 - 4) + (81 - 115).
-29
Calculate 12 - (19 + (-17 - -9)).
1
What is the value of 2 + -19 - 3 - -9?
-11
What is the value of 0 - (12 + (-3 + 6 + -9 - -1))?
-7
Evaluate -6 + (1 + 5 - 3 - -6) + 19.
22
What is the value of (-3 - (-42 - -17)) + 0?
22
Evaluate -1 - (21 + (2 - 11)).
-13
What is 1 - 8 - ((44 - 40) + (-8 - 0))?
-3
Calculate 20 + (37 + -15 - 39).
3
What is the value of -100 - -97 - ((-1 - -3) + -2)?
-3
What is 42 + (11 - 32) + -51?
-30
Evaluate -5 + -1 + (591 - 582).
3
What is 34 + 0 + -5 + 12 + 1 + -15?
27
Calculate 2 + (12 - (2 + 15)) - (2 + 1).
-6
What is -1304 + 1300 + (21 - -1 - 0)?
18
(-8 + 15 + -11 - (1 - -3)) + 20
12
What is -11 + (-12 + 38 - 31)?
-16
Evaluate -22 + -16 + 38 - (-10 + 4 + -2).
8
-3 + (8 - (3 - -3 - (-10 + 16)))
5
-13 - (-7 + 10 - -5) - -9
-12
(-1 - -7 - 7) + -7 + -19 + 19
-8
3 + -29 + (20 - (-7 - -25) - -4)
-20
Evaluate -3 - (-4 - (-9 + 2 + -2 + 6)).
-2
Calculate 20 - (3 + (16 - -7)).
-6
(-16 - -18 - 24) + 14
-8
(1 - -14) + (-3 + 17 - (-9 - -25))
13
What is the value of -2 - ((15 - 16 - 2) + 1 + -4)?
4
Calculate 12 + -6 + -24 + 12 + -5 + -9.
-20
What is the value of -4 + -2 + 6 + (2 - (-7 + 3))?
6
Evaluate -1 + -9 - (-10 - (-33 + 14)).
-19
-15 - (-9 + -15 - -17)
-8
What is -3 + 15 + (2 - 5)?
9
What is 138 - 127 - (-2 - (-2 - 2) - -4)?
5
1 - (-15 + 16 - -13)
-13
What is (-9 + 10 - -27) + -19?
9
43 + -34 - (-2 + -9 + 1)
19
What is the value of 31 + 13 + -3 + -20?
21
What is (51 - 47) + (12 - (-1 + 0))?
17
Evaluate 1 - 2 - -12 - (-1 + 31 + -24).
5
Calculate 8 + -3 + -1 + (-6 + 6 - -2).
6
What is the value of -1 + (10 + 8 - 4) - -1?
14
What is the value of -18 - (27 - (57 + -9))?
3
Calculate 6 - ((-3 + 2 - 6) + 18).
-5
(4 - 1) + 3 + (-12 - -3)
-3
Evaluate -35 - -4 - (-19 + 12).
-24
Calculate (-22 - (42 - 76)) + (7 - (-1 - -1)).
19
5 + 14 + -12 - -1
8
Calculate 4 + -14 + (63 - 34).
19
What is the value of 65 - (73 - 40) - 68?
-36
What is the value of (13 - (-3 - -16)) + -1?
-1
-18 + 54 + -22 - 13
1
(9 - 6 - -3) + -7 + -42 + 9
-34
(2 - 15) + 4 + 21
12
What is -7 + 26 - 11 - (-9 - 0)?
17
Calculate -6 + 0 + 2 - (7 + 1 + -4).
-8
-10 + (8 - 1) + -2
-5
Calculate 10 + -7 - (-2 - (5 - (2 + 4))).
4
Evaluate 2 + 6 - (-7 - 35 - -33).
17
3 - (4 + -2 - 6 - -2)
5
What is the value of -1 + 2 + (-5 - (-3 + -9 + 2))?
6
Calculate -10 - (-17 + 32 - 28).
3
What is the value of -4 + 1 + (4 - (4 + 3 + -3))?
-3
What is the value of 8 + -4 + 12 + (-8 - -12 - 7)?
13
Evaluate -36 + -12 + 33 - 0.
-15
14 + 1 + (0 - 26)
-11
What is the value of (-2 - ((-14 - -9) + 6)) + -11?
-14
Calculate 1 + 1 + (22 - 24) + 10 + -3.
7
What is the value of -20 + (8 + -3 - (15 - -1))?
-31
What is the value of 6 + (5 - (-6 + 7) - 7)?
3
What is 0 + -4 - (24 + -28 - (-5 + 12))?
7
What is -8 - -6 - ((-1 - -2) + (6 - 17))?
8
What is the value of (-5 - (-18 - -11)) + -9 - -7?
0
What is the value of 17 - (-7 + (50 - 12))?
-14
(-1 - -15) + (-326 - -316)
4
-4 + (-13 - (-1 - -2))
-18
What is the value of 44 - (-5 + 23) - (-1 + 2 + 9)?
16
38 + -1 - (55 - (30 + 10))
22
What is -1 + (6 - (13 - (-6 + 14)))?
0
What is (-4 - -16 - -2) + 0 - 6?
8
Evaluate 12 + (8 - 1) + -74 + 73.
18
Evaluate -9 - (-11 - (-15 + 7)).
-6
What is the value of 129 + -126 + (1 - 0)?
4
What is 4 + 5 - (21 + -23)?
11
What is the value of -6 - 0 - -13 - 0?
7
What is the value of -11 + 3 - (29 - 47)?
10
16 - (-3 + -13 + 11 - (-10 - -1))
12
1 + 4 - (-24 + -38 - -43)
24
-5 - (5 - 6 - (-18 + 15))
-7
0 + 11 + -87 + 17 + 77
18
What is (10 - (-1 - (-26 + 13))) + -21?
-23
What is the value of -2 - (-28 + 5 + (6 - 1) + 0)?
16
Evaluate 85 + -193 + 101 - (-1 - (-15 - 1)).
-22
Calculate 41 - 1 - (-7 - (3 + -10 - 8)).
32
Evaluate -20 - (12 + -23 + -2).
-7
What is -10 + (-6 + (-5 - -7) - 3)?
-17
Evaluate (28 - (60 - 21)) + 12 + 1.
2
What is -3 - ((-12 - -5) + 8 - -6)?
-10
What is the value of (2 - 5) + 13 - (0 - -9)?
1
What is the value of (-329 - -330) + (-1 - 12)?
-12
What is 3 - (-6 + 3) - (15 + -38 + 5)?
24
What is 20 - 44 - (-6 - -4)?
-22
-10 + 16 + 16 + -27
-5
Evaluate -21 + (-5 - -19) - 8.
-15
What is the value of -24 + 8 + (-9 - 0) + 22?
-3
Calculate -22 + (16 - (-5 - -24)).
-25
What is the value of 7 + -5 + -22 + 11?
-9
Evaluate (-90 - -29) + (-4 - -39).
-26
What is -15 + (8 + -4 + -4 - -6)?
-9
Calculate 179 + -208 - (-16 - -1).
-14
What is 5 - (6 + -7 + 1)?
5
Calculate (15 + -1 - -4) + -15.
3
Evaluate (16 - 19) + 17 - 16.
-2
Evaluate -1 - -3 - (2 + -9).
9
38 + -16 + -10 - 13
-1
What is the value of -10 + (6 + -6 + 7 - 3)?
-6
What is the value of 0 + (12 - -7 - (1 + 2))?
16
(1 - -39 - 1) + -12 + (15 - 13)
29
0 - -7 - (11 - (-6 + -3 + 18))
5
Calculate -2 + -6 + (-68 - -80).
4
Calculate -24 + (3 - -16) - -13.
8
What is 5 - (-13 + 26 + -2)?
-6
Evaluate -2 - (5 + 4 + 0 - (9 - -2)).
0
0 + -14 - -1 - ((-10 - -16) + -5)
-14
Calculate (-35 - 8) + (-8 - -88).
37
What is the value of 0 + -17 + (-114 - -122) - 0?
-9
7 - (4 + 0 - 2) - (-20 - -39)
-14
7 - (7 - (-13 - (6 + -14)))
-5
What is the value of (-7 + 6 - (-4 - (-2 - 2))) + 6?
5
Calculate (17 - 6) + -7 + 3 + -2 + -1.
4
What is the value of 12 - ((-7 - -7) + 9)?
3
Calculate 0 + 2 + (19 - 22) + 12.
11
159 - 168 - (-15 + 0)
6
What is (4 + -1 - (24 - 17)) + -7 + 27?
16
What is the value of 49 + -9 + -22 - (0 - -7)?
11
Evaluate -18 + (-5 - -4) + (24 - 16) + 6.
-5
-8 - (-15 + -25 - -29)
3
Evaluate (-4 - (-13 - 10)) + -7.
12
(-32 - -20) + 13 - (5 - -7)
-11
-1 + 6 - ((-75 - -91) + (-9 - 2))
0
What is the value of -5 + -1 + (-12 - (-63 + 55))?
-10
What is 3 + (-15 - -18) + (-8 + 2